{"id":26,"date":"2025-04-27T20:55:19","date_gmt":"2025-04-27T20:55:19","guid":{"rendered":"https:\/\/szallaseger.hu\/?page_id=26"},"modified":"2026-01-02T16:08:32","modified_gmt":"2026-01-02T16:08:32","slug":"apartman","status":"publish","type":"page","link":"https:\/\/szallaseger.hu\/english\/apartman\/","title":{"rendered":"Az apartmanr\u00f3l"},"content":{"rendered":"<p><br>A <strong>Moonlight Apartman<\/strong> bels\u0151 elrendez\u00e9se rugalmas \u00e9s \u00e1tgondolt, \u00edgy ide\u00e1lis v\u00e1laszt\u00e1s csal\u00e1dok \u00e9s bar\u00e1ti t\u00e1rsas\u00e1gok sz\u00e1m\u00e1ra, ak\u00e1r <strong>t\u00f6bb gener\u00e1ci\u00f3 egy\u00fctt utaz\u00e1sa<\/strong> eset\u00e9n is.<\/p>\n\n\n\n<p>A <strong>k\u00fcl\u00f6n h\u00e1l\u00f3szoba<\/strong> j\u00f3l szepar\u00e1lt teret k\u00edn\u00e1l, ami k\u00e9nyelmes megold\u00e1s azoknak, akik szeretnek egy kicsit elk\u00fcl\u00f6n\u00fclni a nappali ny\u00fczsg\u00e9s\u00e9t\u0151l. K\u00fcl\u00f6n\u00f6sen kedvelt sz\u00fcl\u0151k \u00e9s nagysz\u00fcl\u0151k k\u00f6r\u00e9ben.<\/p>\n\n\n\n<p>A <strong>nappaliban elhelyezett k\u00e9nyelmes, kih\u00fazhat\u00f3 kanap\u00e9<\/strong> tov\u00e1bbi alv\u00f3helyet biztos\u00edt, mik\u00f6zben a t\u00e9r nappal k\u00f6z\u00f6ss\u00e9gi t\u00e9rk\u00e9nt funkcion\u00e1l. A nappalib\u00f3l ny\u00edlik egy <strong>hangulatos h\u00e1l\u00f3f\u00fclke<\/strong>, amelyet f\u00fcgg\u00f6ny v\u00e1laszt el a t\u00e9rt\u0151l. B\u00e1r nem teljesen z\u00e1rt, m\u00e9gis meghitt, kuck\u00f3s hangulata miatt k\u00fcl\u00f6n\u00f6sen n\u00e9pszer\u0171 a gyerekek k\u00f6r\u00e9ben.<\/p>\n\n\n\n<p>Az elrendez\u00e9s lehet\u0151v\u00e9 teszi, hogy a vend\u00e9gek egy\u00fctt t\u00f6lts\u00e9k az id\u0151t, m\u00e9gis mindenki megtal\u00e1lja a sz\u00e1m\u00e1ra legmegfelel\u0151bb pihen\u0151helyet. Gyakori \u00e9s j\u00f3l m\u0171k\u00f6d\u0151 fel\u00e1ll\u00e1s, hogy a <strong>sz\u00fcl\u0151k vagy nagysz\u00fcl\u0151k a k\u00fcl\u00f6n h\u00e1l\u00f3szob\u00e1ban<\/strong>, m\u00edg a <strong>gyerekek a nappaliban vagy a h\u00e1l\u00f3f\u00fclk\u00e9ben<\/strong> alszanak, de az is k\u00e9nyelmes megold\u00e1s, ha a sz\u00fcl\u0151k a h\u00e1l\u00f3f\u00fclk\u00e9t v\u00e1lasztj\u00e1k, a gyerekek pedig a nappalit.<\/p>\n\n\n\n<p>Ez a sokoldal\u00fa kialak\u00edt\u00e1s teszi a Moonlight Apartmant igaz\u00e1n csal\u00e1dbar\u00e1tt\u00e1, ahol <strong>h\u00e1rom gener\u00e1ci\u00f3 is k\u00e9nyelmesen, egym\u00e1sra hangol\u00f3dva, m\u00e9gis saj\u00e1t ritmus\u00e1ban<\/strong> pihenhet. Egyszerre &#8222;egy\u00fctt \u00e9s k\u00fcl\u00f6n&#8221;.<\/p>\n\n\n\n<hr class=\"wp-block-separator has-alpha-channel-opacity\"\/>\n\n\n\n<p><br><strong>Felszerelt kis teakonyha<\/strong> (k\u00e1v\u00e9f\u0151z\u0151k, mikrohull\u00e1m\u00fa s\u00fct\u0151, v\u00edzforral\u00f3, indukci\u00f3s f\u0151z\u0151lap, l\u00e9gkever\u00e9ses frit\u0151z) ad lehet\u0151s\u00e9get vari\u00e1ci\u00f3kra, ha reggelit vagy egy k\u00f6nny\u0171 vacsor\u00e1t szeretn\u00e9nk elk\u00e9sz\u00edteni. <br>\u00c9rkez\u00e9si napon k\u00e1v\u00e9 \u00e9s tea v\u00e1rja a vend\u00e9geinket, hogy a reggelek k\u00f6nyed\u00e9n indulhassanak.<\/p>\n\n\n\n<hr class=\"wp-block-separator has-alpha-channel-opacity\"\/>\n\n\n\n<p><strong>Parkol\u00e1s:<\/strong><br>Az apartmanhoz saj\u00e1t <strong>parkol\u00f3 nem tartozik<\/strong>, azonban a k\u00f6rnyez\u0151 utc\u00e1kban \u00e9s k\u00f6zeli parkol\u00f3h\u00e1zakban parkol\u00e1si lehet\u0151s\u00e9g el\u00e9rhet\u0151. \u00c9rkez\u00e9s el\u0151tt sz\u00edvesen adunk t\u00e1j\u00e9koztat\u00e1st a legk\u00e9nyelmesebb parkol\u00e1si megold\u00e1sokr\u00f3l.<\/p>\n\n\n\n<p><strong>A<\/strong> <strong>WIFI haszn\u00e1lata ingyenes<\/strong>.<\/p>\n\n\n\n<p>Vend\u00e9geink sz\u00e1m\u00e1ra sz\u00edvesen ny\u00fajtunk aj\u00e1nl\u00e1sokat \u00e9ttermekhez, boroz\u00f3khoz \u00e9s egy\u00e9b helyi programokhoz, hogy az egri tart\u00f3zkod\u00e1s igaz\u00e1n teljes \u00e9lm\u00e9ny legyen.<\/p>\n\n\n\n<p>Sz\u00e1ll\u00e1shely\u00fcnk\u00f6n tov\u00e1bbi kedvezm\u00e9nyeket tudunk biztos\u00edtani \u00e9ttermi, \u00e9telrendel\u00e9si \u00e9s egy\u00e9b helyi szolg\u00e1ltat\u00e1sb\u00f3l.<\/p>","protected":false},"excerpt":{"rendered":"<p>A Moonlight Apartman bels\u0151 elrendez\u00e9se rugalmas \u00e9s \u00e1tgondolt, \u00edgy ide\u00e1lis v\u00e1laszt\u00e1s csal\u00e1dok \u00e9s bar\u00e1ti t\u00e1rsas\u00e1gok sz\u00e1m\u00e1ra, ak\u00e1r t\u00f6bb gener\u00e1ci\u00f3 egy\u00fctt utaz\u00e1sa eset\u00e9n is. A k\u00fcl\u00f6n h\u00e1l\u00f3szoba j\u00f3l szepar\u00e1lt teret k\u00edn\u00e1l, ami k\u00e9nyelmes megold\u00e1s azoknak, akik szeretnek egy kicsit elk\u00fcl\u00f6n\u00fclni a nappali ny\u00fczsg\u00e9s\u00e9t\u0151l. K\u00fcl\u00f6n\u00f6sen kedvelt sz\u00fcl\u0151k \u00e9s nagysz\u00fcl\u0151k k\u00f6r\u00e9ben. A nappaliban elhelyezett k\u00e9nyelmes, kih\u00fazhat\u00f3 kanap\u00e9 tov\u00e1bbi &hellip; <\/p>\n<p class=\"link-more\"><a href=\"https:\/\/szallaseger.hu\/english\/apartman\/\" class=\"more-link\">Continue reading<span class=\"screen-reader-text\"> &#8222;Az apartmanr\u00f3l&#8221;<\/span><\/a><\/p>","protected":false},"author":1,"featured_media":151,"parent":0,"menu_order":0,"comment_status":"closed","ping_status":"closed","template":"","meta":{"footnotes":""},"class_list":["post-26","page","type-page","status-publish","has-post-thumbnail","hentry"],"yoast_head":"<!-- This site is optimized with the Yoast SEO plugin v25.1 - https:\/\/yoast.com\/wordpress\/plugins\/seo\/ -->\n<title>Az apartmanr\u00f3l - Moonlight Apartman<\/title>\n<meta name=\"robots\" content=\"index, follow, max-snippet:-1, max-image-preview:large, max-video-preview:-1\" \/>\n<link rel=\"canonical\" href=\"https:\/\/szallaseger.hu\/english\/apartman\/\" \/>\n<meta property=\"og:locale\" content=\"en_US\" \/>\n<meta property=\"og:type\" content=\"article\" \/>\n<meta property=\"og:title\" content=\"Az apartmanr\u00f3l - Moonlight Apartman\" \/>\n<meta property=\"og:description\" content=\"A Moonlight Apartman bels\u0151 elrendez\u00e9se rugalmas \u00e9s \u00e1tgondolt, \u00edgy ide\u00e1lis v\u00e1laszt\u00e1s csal\u00e1dok \u00e9s bar\u00e1ti t\u00e1rsas\u00e1gok sz\u00e1m\u00e1ra, ak\u00e1r t\u00f6bb gener\u00e1ci\u00f3 egy\u00fctt utaz\u00e1sa eset\u00e9n is. A k\u00fcl\u00f6n h\u00e1l\u00f3szoba j\u00f3l szepar\u00e1lt teret k\u00edn\u00e1l, ami k\u00e9nyelmes megold\u00e1s azoknak, akik szeretnek egy kicsit elk\u00fcl\u00f6n\u00fclni a nappali ny\u00fczsg\u00e9s\u00e9t\u0151l. K\u00fcl\u00f6n\u00f6sen kedvelt sz\u00fcl\u0151k \u00e9s nagysz\u00fcl\u0151k k\u00f6r\u00e9ben. A nappaliban elhelyezett k\u00e9nyelmes, kih\u00fazhat\u00f3 kanap\u00e9 tov\u00e1bbi &hellip; Continue reading &quot;Az apartmanr\u00f3l&quot;\" \/>\n<meta property=\"og:url\" content=\"https:\/\/szallaseger.hu\/english\/apartman\/\" \/>\n<meta property=\"og:site_name\" content=\"Moonlight Apartman\" \/>\n<meta property=\"article:publisher\" content=\"https:\/\/facebook.com\/princessvendeghaz\" \/>\n<meta property=\"article:modified_time\" content=\"2026-01-02T16:08:32+00:00\" \/>\n<meta property=\"og:image\" content=\"https:\/\/szallaseger.hu\/wp-content\/uploads\/2025\/12\/Image00019-scaled.jpg\" \/>\n\t<meta property=\"og:image:width\" content=\"2560\" \/>\n\t<meta property=\"og:image:height\" content=\"1920\" \/>\n\t<meta property=\"og:image:type\" content=\"image\/jpeg\" \/>\n<meta name=\"twitter:card\" content=\"summary_large_image\" \/>\n<meta name=\"twitter:label1\" content=\"Est. reading time\" \/>\n\t<meta name=\"twitter:data1\" content=\"2 minutes\" \/>\n<script type=\"application\/ld+json\" class=\"yoast-schema-graph\">{\"@context\":\"https:\/\/schema.org\",\"@graph\":[{\"@type\":\"WebPage\",\"@id\":\"https:\/\/szallaseger.hu\/apartman\/\",\"url\":\"https:\/\/szallaseger.hu\/apartman\/\",\"name\":\"Az apartmanr\u00f3l - Moonlight Apartman\",\"isPartOf\":{\"@id\":\"https:\/\/szallaseger.hu\/#website\"},\"primaryImageOfPage\":{\"@id\":\"https:\/\/szallaseger.hu\/apartman\/#primaryimage\"},\"image\":{\"@id\":\"https:\/\/szallaseger.hu\/apartman\/#primaryimage\"},\"thumbnailUrl\":\"https:\/\/szallaseger.hu\/wp-content\/uploads\/2025\/12\/Image00019-scaled.jpg\",\"datePublished\":\"2025-04-27T20:55:19+00:00\",\"dateModified\":\"2026-01-02T16:08:32+00:00\",\"breadcrumb\":{\"@id\":\"https:\/\/szallaseger.hu\/apartman\/#breadcrumb\"},\"inLanguage\":\"en-US\",\"potentialAction\":[{\"@type\":\"ReadAction\",\"target\":[\"https:\/\/szallaseger.hu\/apartman\/\"]}]},{\"@type\":\"ImageObject\",\"inLanguage\":\"en-US\",\"@id\":\"https:\/\/szallaseger.hu\/apartman\/#primaryimage\",\"url\":\"https:\/\/szallaseger.hu\/wp-content\/uploads\/2025\/12\/Image00019-scaled.jpg\",\"contentUrl\":\"https:\/\/szallaseger.hu\/wp-content\/uploads\/2025\/12\/Image00019-scaled.jpg\",\"width\":2560,\"height\":1920},{\"@type\":\"BreadcrumbList\",\"@id\":\"https:\/\/szallaseger.hu\/apartman\/#breadcrumb\",\"itemListElement\":[{\"@type\":\"ListItem\",\"position\":1,\"name\":\"Kezd\u0151lap\",\"item\":\"https:\/\/szallaseger.hu\/\"},{\"@type\":\"ListItem\",\"position\":2,\"name\":\"Az apartmanr\u00f3l\"}]},{\"@type\":\"WebSite\",\"@id\":\"https:\/\/szallaseger.hu\/#website\",\"url\":\"https:\/\/szallaseger.hu\/\",\"name\":\"Princess Vend\u00e9gh\u00e1z Eger\",\"description\":\"\",\"publisher\":{\"@id\":\"https:\/\/szallaseger.hu\/#\/schema\/person\/4c91ae43afe31dea35852879e3b9cc2c\"},\"potentialAction\":[{\"@type\":\"SearchAction\",\"target\":{\"@type\":\"EntryPoint\",\"urlTemplate\":\"https:\/\/szallaseger.hu\/?s={search_term_string}\"},\"query-input\":{\"@type\":\"PropertyValueSpecification\",\"valueRequired\":true,\"valueName\":\"search_term_string\"}}],\"inLanguage\":\"en-US\"},{\"@type\":[\"Person\",\"Organization\"],\"@id\":\"https:\/\/szallaseger.hu\/#\/schema\/person\/4c91ae43afe31dea35852879e3b9cc2c\",\"name\":\"Tam\u00e1s Buly\u00e1ki\",\"image\":{\"@type\":\"ImageObject\",\"inLanguage\":\"en-US\",\"@id\":\"https:\/\/szallaseger.hu\/#\/schema\/person\/image\/\",\"url\":\"https:\/\/szallaseger.hu\/wp-content\/uploads\/2024\/11\/egerfav.png\",\"contentUrl\":\"https:\/\/szallaseger.hu\/wp-content\/uploads\/2024\/11\/egerfav.png\",\"width\":25,\"height\":25,\"caption\":\"Tam\u00e1s Buly\u00e1ki\"},\"logo\":{\"@id\":\"https:\/\/szallaseger.hu\/#\/schema\/person\/image\/\"},\"sameAs\":[\"https:\/\/szallaseger.hu\",\"https:\/\/facebook.com\/princessvendeghaz\"]}]}<\/script>\n<!-- \/ Yoast SEO plugin. -->","yoast_head_json":{"title":"Az apartmanr\u00f3l - Moonlight Apartman","robots":{"index":"index","follow":"follow","max-snippet":"max-snippet:-1","max-image-preview":"max-image-preview:large","max-video-preview":"max-video-preview:-1"},"canonical":"https:\/\/szallaseger.hu\/english\/apartman\/","og_locale":"en_US","og_type":"article","og_title":"Az apartmanr\u00f3l - Moonlight Apartman","og_description":"A Moonlight Apartman bels\u0151 elrendez\u00e9se rugalmas \u00e9s \u00e1tgondolt, \u00edgy ide\u00e1lis v\u00e1laszt\u00e1s csal\u00e1dok \u00e9s bar\u00e1ti t\u00e1rsas\u00e1gok sz\u00e1m\u00e1ra, ak\u00e1r t\u00f6bb gener\u00e1ci\u00f3 egy\u00fctt utaz\u00e1sa eset\u00e9n is. A k\u00fcl\u00f6n h\u00e1l\u00f3szoba j\u00f3l szepar\u00e1lt teret k\u00edn\u00e1l, ami k\u00e9nyelmes megold\u00e1s azoknak, akik szeretnek egy kicsit elk\u00fcl\u00f6n\u00fclni a nappali ny\u00fczsg\u00e9s\u00e9t\u0151l. K\u00fcl\u00f6n\u00f6sen kedvelt sz\u00fcl\u0151k \u00e9s nagysz\u00fcl\u0151k k\u00f6r\u00e9ben. A nappaliban elhelyezett k\u00e9nyelmes, kih\u00fazhat\u00f3 kanap\u00e9 tov\u00e1bbi &hellip; Continue reading \"Az apartmanr\u00f3l\"","og_url":"https:\/\/szallaseger.hu\/english\/apartman\/","og_site_name":"Moonlight Apartman","article_publisher":"https:\/\/facebook.com\/princessvendeghaz","article_modified_time":"2026-01-02T16:08:32+00:00","og_image":[{"width":2560,"height":1920,"url":"https:\/\/szallaseger.hu\/wp-content\/uploads\/2025\/12\/Image00019-scaled.jpg","type":"image\/jpeg"}],"twitter_card":"summary_large_image","twitter_misc":{"Est. reading time":"2 minutes"},"schema":{"@context":"https:\/\/schema.org","@graph":[{"@type":"WebPage","@id":"https:\/\/szallaseger.hu\/apartman\/","url":"https:\/\/szallaseger.hu\/apartman\/","name":"Az apartmanr\u00f3l - Moonlight Apartman","isPartOf":{"@id":"https:\/\/szallaseger.hu\/#website"},"primaryImageOfPage":{"@id":"https:\/\/szallaseger.hu\/apartman\/#primaryimage"},"image":{"@id":"https:\/\/szallaseger.hu\/apartman\/#primaryimage"},"thumbnailUrl":"https:\/\/szallaseger.hu\/wp-content\/uploads\/2025\/12\/Image00019-scaled.jpg","datePublished":"2025-04-27T20:55:19+00:00","dateModified":"2026-01-02T16:08:32+00:00","breadcrumb":{"@id":"https:\/\/szallaseger.hu\/apartman\/#breadcrumb"},"inLanguage":"en-US","potentialAction":[{"@type":"ReadAction","target":["https:\/\/szallaseger.hu\/apartman\/"]}]},{"@type":"ImageObject","inLanguage":"en-US","@id":"https:\/\/szallaseger.hu\/apartman\/#primaryimage","url":"https:\/\/szallaseger.hu\/wp-content\/uploads\/2025\/12\/Image00019-scaled.jpg","contentUrl":"https:\/\/szallaseger.hu\/wp-content\/uploads\/2025\/12\/Image00019-scaled.jpg","width":2560,"height":1920},{"@type":"BreadcrumbList","@id":"https:\/\/szallaseger.hu\/apartman\/#breadcrumb","itemListElement":[{"@type":"ListItem","position":1,"name":"Kezd\u0151lap","item":"https:\/\/szallaseger.hu\/"},{"@type":"ListItem","position":2,"name":"Az apartmanr\u00f3l"}]},{"@type":"WebSite","@id":"https:\/\/szallaseger.hu\/#website","url":"https:\/\/szallaseger.hu\/","name":"Princess Guesthouse - Eger","description":"","publisher":{"@id":"https:\/\/szallaseger.hu\/#\/schema\/person\/4c91ae43afe31dea35852879e3b9cc2c"},"potentialAction":[{"@type":"SearchAction","target":{"@type":"EntryPoint","urlTemplate":"https:\/\/szallaseger.hu\/?s={search_term_string}"},"query-input":{"@type":"PropertyValueSpecification","valueRequired":true,"valueName":"search_term_string"}}],"inLanguage":"en-US"},{"@type":["Person","Organization"],"@id":"https:\/\/szallaseger.hu\/#\/schema\/person\/4c91ae43afe31dea35852879e3b9cc2c","name":"Tam\u00e1s Buly\u00e1ki","image":{"@type":"ImageObject","inLanguage":"en-US","@id":"https:\/\/szallaseger.hu\/#\/schema\/person\/image\/","url":"https:\/\/szallaseger.hu\/wp-content\/uploads\/2024\/11\/egerfav.png","contentUrl":"https:\/\/szallaseger.hu\/wp-content\/uploads\/2024\/11\/egerfav.png","width":25,"height":25,"caption":"Tam\u00e1s Buly\u00e1ki"},"logo":{"@id":"https:\/\/szallaseger.hu\/#\/schema\/person\/image\/"},"sameAs":["https:\/\/szallaseger.hu","https:\/\/facebook.com\/princessvendeghaz"]}]}},"_links":{"self":[{"href":"https:\/\/szallaseger.hu\/english\/wp-json\/wp\/v2\/pages\/26","targetHints":{"allow":["GET"]}}],"collection":[{"href":"https:\/\/szallaseger.hu\/english\/wp-json\/wp\/v2\/pages"}],"about":[{"href":"https:\/\/szallaseger.hu\/english\/wp-json\/wp\/v2\/types\/page"}],"author":[{"embeddable":true,"href":"https:\/\/szallaseger.hu\/english\/wp-json\/wp\/v2\/users\/1"}],"replies":[{"embeddable":true,"href":"https:\/\/szallaseger.hu\/english\/wp-json\/wp\/v2\/comments?post=26"}],"version-history":[{"count":10,"href":"https:\/\/szallaseger.hu\/english\/wp-json\/wp\/v2\/pages\/26\/revisions"}],"predecessor-version":[{"id":172,"href":"https:\/\/szallaseger.hu\/english\/wp-json\/wp\/v2\/pages\/26\/revisions\/172"}],"wp:featuredmedia":[{"embeddable":true,"href":"https:\/\/szallaseger.hu\/english\/wp-json\/wp\/v2\/media\/151"}],"wp:attachment":[{"href":"https:\/\/szallaseger.hu\/english\/wp-json\/wp\/v2\/media?parent=26"}],"curies":[{"name":"wp","href":"https:\/\/api.w.org\/{rel}","templated":true}]}}